 factors of 530673484.
2, 11, 12060761
What are the prime factors of 6954875?
5, 55639
List the prime factors of 11830827.
3, 17, 229, 1013
List the prime factors of 146656938.
2, 3, 151, 161873
List the prime factors of 868267024.
2, 54266689
List the prime factors of 3742147363.
3742147363
What are the prime factors of 2095830778?
2, 439, 2387051
What are the prime factors of 358175532?
2, 3, 11, 13, 47, 4441
What are the prime factors of 5931323961?
3, 31, 37, 1723721
List the prime factors of 157597462.
2, 11, 89, 80489
What are the prime factors of 159352529?
7, 22764647
List the prime factors of 1988043054.
2, 3, 9007, 36787
List the prime factors of 407660280.
2, 3, 5, 23, 147703
List the prime factors of 1415456033.
3169, 446657
List the prime factors of 59713896.
2, 3, 11, 226189
List the prime factors of 41493548.
2, 29, 357703
List the prime factors of 106803723.
3, 13, 29, 94433
List the prime factors of 575124117.
3, 191708039
What are the prime factors of 28135825?
5, 1125433
List the prime factors of 814684155.
3, 5, 67, 593, 1367
What are the prime factors of 525548668?
2, 7307, 17981
List the prime factors of 374036401.
374036401
What are the prime factors of 48865173?
3, 7, 2326913
List the prime factors of 644253370.
2, 5, 64425337
What are the prime factors of 135533588?
2, 17, 29, 68729
What are the prime factors of 497866603?
13, 31, 59, 20939
List the prime factors of 10482268.
2, 17, 139, 1109
What are the prime factors of 664052294?
2, 383, 866909
What are the prime factors of 12954618?
2, 3, 19, 37879
List the prime factors of 3412169696.
2, 13, 29, 113, 2503
What are the prime factors of 2642472829?
23, 31, 3706133
What are the prime factors of 1360236898?
2, 680118449
What are the prime factors of 101028488?
2, 11, 211, 5441
List the prime factors of 13380181.
23, 43, 83, 163
List the prime factors of 1935886597.
349, 5546953
List the prime factors of 213759801.
3, 23751089
What are the prime factors of 2723759397?
3, 17, 1047197
List the prime factors of 127747345.
5, 11, 79, 29401
What are the prime factors of 123952207?
47, 2637281
What are the prime factors of 1738235689?
31, 56072119
What are the prime factors of 265216798?
2, 7, 11, 1722187
What are the prime factors of 21998936?
2, 29, 94823
List the prime factors of 396483378.
2, 3, 101, 433, 1511
What are the prime factors of 1176715744?
2, 41, 79, 11353
List the prime factors of 5131250.
2, 5, 821
List the prime factors of 7307553.
3, 11, 41, 491
What are the prime factors of 1810382197?
13, 89, 1564721
What are the prime factors of 19960468?
2, 11, 29, 15643
What are the prime factors of 62734858?
2, 2383, 13163
What are the prime factors of 663015105?
3, 5, 179, 27437
What are the prime factors of 123858143?
67, 439, 4211
What are the prime factors of 895498630?
2, 5, 13, 17, 41, 9883
List the prime factors of 2458222936.
2, 13, 109, 216851
List the prime factors of 24133730.
2, 5, 2413373
What are the prime factors of 270752755?
5, 7, 13, 19, 31319
What are the prime factors of 3529309576?
2, 13, 31, 199, 5501
List the prime factors of 1302143336.
2, 13, 89, 140681
List the prime factors of 1305841601.
1305841601
What are the prime factors of 1901862681?
3, 633954227
What are the prime factors of 53266105?
5, 10653221
List the prime factors of 8121632.
2, 253801
What are the prime factors of 57416069?
2957, 19417
List the prime factors of 30096852.
2, 3, 463, 5417
List the prime factors of 37581551.
7, 61, 283, 311
List the prime factors of 19798917.
3, 6599639
List the prime factors of 562982481.
3, 29, 61, 3929
What are the prime factors of 1164158732?
2, 11, 787, 33619
What are the prime factors of 37847889?
3, 4205321
What are the prime factors of 2284098522?
2, 3, 29, 1933, 6791
What are the prime factors of 284904848?
2, 19, 937187
What are the prime factors of 2825278574?
2, 23201, 60887
What are the prime factors of 895394726?
2, 17, 1439, 18301
What are the prime factors of 1283704215?
3, 5, 85580281
List the prime factors of 30956533.
59, 8893
What are the prime factors of 46818007?
79, 109, 5437
List the prime factors of 13324439.
211, 63149
List the prime factors of 56035809.
3, 6226201
What are the prime factors of 46991644?
2, 7, 89, 109, 173
List the prime factors of 1421343094.
2, 710671547
What are the prime factors of 1656557802?
2, 3, 109, 844321
List the prime factors of 117162834.
2, 3, 127, 153757
What are the prime factors of 2748246617?
2748246617
What are the prime factors of 585928616?
2, 7, 13, 804847
List the prime factors of 22743003.
3, 7581001
What are the prime factors of 204827943?
3, 31, 2202451
What are the prime factors of 955604293?
7, 2063, 66173
List the prime factors of 362974771.
362974771
What are the prime factors of 12152216?
2, 1063, 1429
What are the prime factors of 3087219667?
7, 63004483
List the prime factors of 648121628.
2, 7, 11, 43, 6991
What are the prime factors of 6732290714?
2, 14437, 233161
What are the prime factors of 222636774?
2, 3, 269, 137941
List the prime factors of 43841133.
3, 7, 89, 1117
What are the prime factors of 3490371105?
3, 5, 13, 47, 380837
List the prime factors of 651613421.
651613421
What are the prime factors of 7143930627?
3, 2381310209
List the prime factors of 4061982319.
33791, 120209
What are the prime factors of 3887463484?
2, 9403, 103357
List the prime factors of 2093474.
2, 47, 22271
List the prime factors of 3543116329.
3543116329
What are the prime factors of 2769150737?
2769150737
What are the prime factors of 1876854393?
3, 29, 1327, 5419
What are the prime factors of 221061105?
3, 5, 19, 258551
What are the prime factors of 892848454?
2, 23, 137, 141677
What are the prime factors of 7828836885?
3, 5, 173974153
What are the prime factors of 21580769?
7, 17, 151, 1201
List the prime factors of 164520137.
1637, 100501
List the prime factors of 355902931.
4801, 74131
List the prime factors of 39346150.
2, 5, 19, 83, 499
What are the prime factors of 103779749?
23, 196181
What are the prime factors of 37905691?
491, 77201
What are the prime factors of 1356133631?
53, 181, 373, 379
What are the prime factors of 4169960051?
37, 59, 163, 11719
What are the prime factors of 3197561376?
2, 3, 19, 1753049
List the prime factors of 850558026.
2, 3, 1213, 116867
List the prime factors of 40202611.
5569, 7219
List the prime factors of 3724873.
23, 71, 2281
What are the prime factors of 144878648?
2, 19, 953149
List the prime factors of 160153628.
2, 47, 851881
List the prime factors of 4314967981.
4314967981
What are the prime factors of 431423682?
2, 3, 211, 340777
List the prime factors of 16754188.
2, 11, 380777
What are the prime factors of 216588217?
23, 79, 199, 599
List the prime factors of 168949437.
3, 37, 1522067
List the prime factors of 45594504.
2, 3, 633257
What are the prime factors of 4990590370?
2, 5, 23, 79, 274661
What are the prime factors of 571090369?
571090369
List the prime factors of 70045544.
2, 73, 277, 433
List the prime factors of 85045427.
85045427
List the prime factors of 2068439096.
2, 17, 15209111
What are the prime factors of 169482042?
2, 3, 1879, 5011
What are the prime factors of 80535413?
7, 59, 109, 1789
List the prime factors of 113216769.
3, 12579641
List the prime factors of 64742492.
2, 16185623
List the prime factors of 912747191.
37, 47, 524869
What are the prime factors of 618397498?
2, 309198749
List the prime factors of 12671292.
2, 3, 167, 6323
List the prime factors of 3063152826.
2, 3, 131, 311, 4177
What are the prime factors of 9152409?
3, 7, 17, 31, 827
What are the prime factors of 10454170?
2, 5, 757, 1381
List the prime factors of 61038997.
29, 677, 3109
What are the prime factors of 42648527?
223, 191249
List the prime factors of 1009681229.
1009681229
List the prime factors of 238679073.
3, 23, 97, 11887
What are the prime factors of 499584455?
5, 99916891
List the prime factors of 99424525.
5, 3976981
What are the prime factors of 940680892?
2, 181, 1299283
What are the prime factors of 454197712?
2, 28387357
List the prime factors of 573113504.
2, 3347, 5351
What are the prime factors of 346986445?
5, 13, 857, 6229
What are the prime factors of 62431486?
2, 13, 2401211
List the prime factors of 1289575745.